{"id":338,"date":"2026-03-13T18:02:45","date_gmt":"2026-03-13T18:02:45","guid":{"rendered":"https:\/\/biocuantic.eu\/?page_id=338"},"modified":"2026-03-13T18:12:43","modified_gmt":"2026-03-13T18:12:43","slug":"subespacio","status":"publish","type":"page","link":"https:\/\/biocuantic.eu\/index.php\/subespacio\/","title":{"rendered":"Terapia a distancia."},"content":{"rendered":"\n<figure class=\"wp-block-image size-large is-resized\"><img loading=\"lazy\" decoding=\"async\" width=\"1024\" height=\"683\" src=\"https:\/\/biocuantic.eu\/wp-content\/uploads\/2026\/03\/esferes3D-1024x683.png\" alt=\"\" class=\"wp-image-339\" style=\"aspect-ratio:1.4992905493055784;width:231px;height:auto\" srcset=\"https:\/\/biocuantic.eu\/wp-content\/uploads\/2026\/03\/esferes3D-1024x683.png 1024w, https:\/\/biocuantic.eu\/wp-content\/uploads\/2026\/03\/esferes3D-300x200.png 300w, https:\/\/biocuantic.eu\/wp-content\/uploads\/2026\/03\/esferes3D-768x512.png 768w, https:\/\/biocuantic.eu\/wp-content\/uploads\/2026\/03\/esferes3D.png 1536w\" sizes=\"auto, (max-width: 1024px) 100vw, 1024px\" \/><\/figure>\n\n\n\n<p>Tecnologia Cu\u00e1ntica Para Tu Salud<\/p>\n\n\n\n<h2 class=\"wp-block-heading\">Sanaci\u00f3n Cu\u00e0ntica y Energ\u00e9tica.<\/h2>\n\n\n\n<p><strong>La sanaci\u00f3n hol\u00edstica cu\u00e1ntica es un enfoque integral<\/strong> que ayuda a armonizar el cuerpo, la mente y el esp\u00edritu para favorecer una salud \u00f3ptima. Se basa en la percepci\u00f3n de que <strong>todo en el universo est\u00e1 interconectado <\/strong>y que nuestros pensamientos y emociones pueden influir en nuestro bienestar. A trav\u00e9s de t\u00e9cnicas como la relajaci\u00f3n, la visualizaci\u00f3n y la terapia energ\u00e9tica, se favorece el flujo de energ\u00eda en el organismo, ayudando a liberar bloqueos y a restaurar el equilibrio. <strong>Este tipo de sanaci\u00f3n no solo tiene en cuenta los s\u00edntomas, <\/strong>sino que tambi\u00e9n busca identificar las causas subyacentes de lo que llamamos enfermedades. Al adoptar un enfoque hol\u00edstico, se fomenta un estado de equilibrio que va m\u00e1s all\u00e1 de lo f\u00edsico, abarcando tambi\u00e9n la esfera emocional y espiritual del Ser. En resumen, la sanaci\u00f3n hol\u00edstica cu\u00e1ntica te brinda un camino hacia una mejor calidad de vida.<\/p>\n\n\n\n<h2 class=\"wp-block-heading\">Diagn\u00f3stico cu\u00e1ntico<\/h2>\n\n\n\n<p>Tratamientos efectivos; analiza todo el cuerpo, sus desequilibrios, deficiencias, riesgo de enfermedades y campo energ\u00e9tico.<\/p>\n\n\n\n<figure class=\"wp-block-image size-full\"><img loading=\"lazy\" decoding=\"async\" width=\"1024\" height=\"369\" src=\"https:\/\/biocuantic.eu\/wp-content\/uploads\/2026\/03\/monitorQuantum.png\" alt=\"\" class=\"wp-image-341\" srcset=\"https:\/\/biocuantic.eu\/wp-content\/uploads\/2026\/03\/monitorQuantum.png 1024w, https:\/\/biocuantic.eu\/wp-content\/uploads\/2026\/03\/monitorQuantum-300x108.png 300w, https:\/\/biocuantic.eu\/wp-content\/uploads\/2026\/03\/monitorQuantum-768x277.png 768w\" sizes=\"auto, (max-width: 1024px) 100vw, 1024px\" \/><\/figure>\n\n\n\n<h3 class=\"wp-block-heading\">C\u00f3mo funciona?<\/h3>\n\n\n\n<p>El paciente va a ser tratado con un equipo llamado <strong>Quantum Scio<\/strong>. <strong>Las consultas tambi\u00e9n se pueden realizar v\u00eda online. <\/strong><\/p>\n\n\n\n<p>Previo a la terapia se contacta al futuro paciente; es cuando se indaga acerca del motivo de la consulta. A su vez, se le pide que responda ciertas preguntas clave que son necesarias para llevar a cabo el proceso.\u00a0Tambien puede ayudar una fotografia (opcional).<\/p>\n\n\n\n<p>Por medio del Subespacio, se han atendido a personas de varios pa\u00edses.<\/p>\n\n\n<div class=\"wp-block-image\">\n<figure class=\"aligncenter size-full is-resized\"><img loading=\"lazy\" decoding=\"async\" width=\"852\" height=\"304\" src=\"https:\/\/biocuantic.eu\/wp-content\/uploads\/2026\/03\/subespai.png\" alt=\"\" class=\"wp-image-344\" style=\"aspect-ratio:2.8026229424158036;width:342px;height:auto\" srcset=\"https:\/\/biocuantic.eu\/wp-content\/uploads\/2026\/03\/subespai.png 852w, https:\/\/biocuantic.eu\/wp-content\/uploads\/2026\/03\/subespai-300x107.png 300w, https:\/\/biocuantic.eu\/wp-content\/uploads\/2026\/03\/subespai-768x274.png 768w\" sizes=\"auto, (max-width: 852px) 100vw, 852px\" \/><\/figure>\n<\/div>\n\n\n<p>El ordenador act\u00faa como un calculador de datos, mientras que la caja se encarga de recibir y emitir frecuencias y longitudes de onda. As\u00ed se captan los <strong>valores de resistencia, amperaje, voltaje, capacidad, inductancia, oxigenaci\u00f3n y el PH del paciente.<\/strong><\/p>\n\n\n\n<p>A este <strong>proceso<\/strong> se lo denomina <strong>test VARHOPE<\/strong>, tras el cual el sistema realiza un <strong>test de reactividad<\/strong> que reduce las reacciones biol\u00f3gicas celulares a se\u00f1ales digitales.<\/p>\n\n\n\n<p>El Scio tiene un procesador propio incorporado en la interfaz. Esta interfaz ofrece dos grandes beneficios: <strong>absoluta estabilidad y precisi\u00f3n de software, que hacen que<\/strong> <strong>aumente notablemente el resultado de las pruebas y las terapias.<\/strong><\/p>\n\n\n\n<p>Gracias a esta t\u00e9cnica, los resultados de la reacci\u00f3n del organismo del paciente se despliegan en una matriz. A partir de entonces, se puede iniciar una exploraci\u00f3n m\u00e1s detallada de las <strong>causas de sus s\u00edntomas o enfermedades o de sus causas emocionales no resultas, y as\u00ed obtener esa mejor\u00eda deseada por el paciente<\/strong>.<\/p>\n\n\n\n<p><strong>Algunos de sus beneficios son:<\/strong><\/p>\n\n\n\n<ul class=\"wp-block-list\">\n<li>Ayuda a la actividad de las c\u00e9lulas y del metabolismo.<\/li>\n\n\n\n<li>Permite trabajar y abordar problemas psico-emocionales.<\/li>\n\n\n\n<li>Reequilibra el campo energ\u00e9tico.<\/li>\n\n\n\n<li>Sirve como t\u00e9cnica de estimulaci\u00f3n del aprendizaje.<\/li>\n\n\n\n<li>Localiza virus, hongos, bacterias, par\u00e1sitos, etc.<\/li>\n\n\n\n<li>Ayuda en las lesiones deportivas, mejorando el desempe\u00f1o y focalizaci\u00f3n de la mente sobre la optimizaci\u00f3n del rendimiento.<\/li>\n\n\n\n<li>Mejora la elasticidad de la piel, como: las arrugas, se refuerzan los m\u00fasculos faciales, etc.<\/li>\n\n\n\n<li>Trabaja aspectos de nutrici\u00f3n y digesti\u00f3n, indicando desequilibrios electromagn\u00e9ticos a nivel vitam\u00ednico, enzim\u00e1tico, hormonal, etc.<\/li>\n<\/ul>\n\n\n\n<p><\/p>\n\n\n\n<figure class=\"wp-block-image size-large\"><img loading=\"lazy\" decoding=\"async\" width=\"1024\" height=\"576\" src=\"https:\/\/biocuantic.eu\/wp-content\/uploads\/2026\/03\/espinal-1024x576.png\" alt=\"\" class=\"wp-image-346\" srcset=\"https:\/\/biocuantic.eu\/wp-content\/uploads\/2026\/03\/espinal-1024x576.png 1024w, https:\/\/biocuantic.eu\/wp-content\/uploads\/2026\/03\/espinal-300x169.png 300w, https:\/\/biocuantic.eu\/wp-content\/uploads\/2026\/03\/espinal-768x432.png 768w, https:\/\/biocuantic.eu\/wp-content\/uploads\/2026\/03\/espinal-1536x864.png 1536w, https:\/\/biocuantic.eu\/wp-content\/uploads\/2026\/03\/espinal.png 1600w\" sizes=\"auto, (max-width: 1024px) 100vw, 1024px\" \/><\/figure>\n\n\n\n<p>Proceso no invasivo ni delet\u00e9reo, sin efectos secundarios.<\/p>\n\n\n\n<p>\u00bfEn qu\u00e9 podemos ayudarte?  &#8211; Pide una sesi\u00f3n de prueba sin compromiso:<\/p>\n\n\n\n<div class=\"wp-block-buttons is-content-justification-center is-layout-flex wp-container-core-buttons-is-layout-16018d1d wp-block-buttons-is-layout-flex\">\n<div class=\"wp-block-button\"><a class=\"wp-block-button__link wp-element-button\" href=\"https:\/\/biocuantic.eu\/index.php\/contactar\/\">Quiero hacer una prueba<\/a><\/div>\n<\/div>\n","protected":false},"excerpt":{"rendered":"<p>Tecnologia Cu\u00e1ntica Para Tu Salud Sanaci\u00f3n Cu\u00e0ntica y Energ\u00e9tica. La sanaci\u00f3n hol\u00edstica cu\u00e1ntica es un enfoque integral que ayuda a armonizar el cuerpo, la mente y el esp\u00edritu para favorecer una salud \u00f3ptima. Se basa en la percepci\u00f3n de que todo en el universo est\u00e1 interconectado y que nuestros pensamientos y emociones pueden influir en &hellip; <a href=\"https:\/\/biocuantic.eu\/index.php\/subespacio\/\" class=\"more-link\">Seguir leyendo <span class=\"screen-reader-text\">Terapia a distancia.<\/span> <span class=\"meta-nav\">&rarr;<\/span><\/a><\/p>\n","protected":false},"author":1,"featured_media":0,"parent":0,"menu_order":0,"comment_status":"closed","ping_status":"closed","template":"","meta":{"footnotes":""},"class_list":["post-338","page","type-page","status-publish","hentry"],"_links":{"self":[{"href":"https:\/\/biocuantic.eu\/index.php\/wp-json\/wp\/v2\/pages\/338","targetHints":{"allow":["GET"]}}],"collection":[{"href":"https:\/\/biocuantic.eu\/index.php\/wp-json\/wp\/v2\/pages"}],"about":[{"href":"https:\/\/biocuantic.eu\/index.php\/wp-json\/wp\/v2\/types\/page"}],"author":[{"embeddable":true,"href":"https:\/\/biocuantic.eu\/index.php\/wp-json\/wp\/v2\/users\/1"}],"replies":[{"embeddable":true,"href":"https:\/\/biocuantic.eu\/index.php\/wp-json\/wp\/v2\/comments?post=338"}],"version-history":[{"count":7,"href":"https:\/\/biocuantic.eu\/index.php\/wp-json\/wp\/v2\/pages\/338\/revisions"}],"predecessor-version":[{"id":350,"href":"https:\/\/biocuantic.eu\/index.php\/wp-json\/wp\/v2\/pages\/338\/revisions\/350"}],"wp:attachment":[{"href":"https:\/\/biocuantic.eu\/index.php\/wp-json\/wp\/v2\/media?parent=338"}],"curies":[{"name":"wp","href":"https:\/\/api.w.org\/{rel}","templated":true}]}}