{"id":276,"date":"2026-02-28T17:56:49","date_gmt":"2026-02-28T17:56:49","guid":{"rendered":"http:\/\/biocuar.cluster028.hosting.ovh.net\/?page_id=276"},"modified":"2026-02-28T17:56:49","modified_gmt":"2026-02-28T17:56:49","slug":"disruptores","status":"publish","type":"page","link":"https:\/\/biocuantic.eu\/index.php\/disruptores\/","title":{"rendered":"Disruptors endocrins"},"content":{"rendered":"\n<p><strong>Qu\u00e9 s\u00f3n els Disruptors Endocrins?<\/strong><\/p>\n\n\n\n<p>Els disruptors endocrins (DE) s\u00f3n subst\u00e0ncies qu\u00edmiques capaces d\u2019alterar el sistema hormonal, i efectivament estan presents en molts \u00e0mbits quotidians: <strong>Productes d\u2019higiene personal i cosm\u00e8tica &#8211; Envasos i materials de contacte amb aliments &#8211; Aliments i agricultura &#8211; Medicaments i productes sanitaris &#8211; Altres \u00e0mbits quotidians, <\/strong><strong>etc.<\/strong><\/p>\n\n\n\n<p>En resum, algunes de les subst\u00e0ncies:<\/p>\n\n\n\n<ul class=\"wp-block-list\">\n<li><strong>Parabens<\/strong> (methylparaben, propylparaben, butylparaben) \u2192 conservants. En excipients farmac\u00e8utics.<\/li>\n\n\n\n<li><strong>Triclosan<\/strong> \u2192 antibacteri\u00e0 en gels i pastes de dents.<\/li>\n\n\n\n<li><strong>Filtres UV qu\u00edmics<\/strong> (benzophenone-3\/oxybenzone, octyl-methoxycinnamate) \u2192 en cremes solars i maquillatge.<\/li>\n\n\n\n<li><strong>Ftalats<\/strong> (sobretot diethyl phthalate, DEP) \u2192 fixadors de perfum, plastificants en PVC.<\/li>\n\n\n\n<li><strong>Alquilfenols<\/strong> (nonylphenol, octylphenol) \u2192 tensioactius i estabilitzadors, en adhesius i tintes.<\/li>\n\n\n\n<li><strong>Benzyl salicylate, butylphenyl methylpropional (Lilial)<\/strong> \u2192 frag\u00e0ncies.<\/li>\n\n\n\n<li><strong>Metalls pesants<\/strong> en bateries, pigments i alguns productes de bricolatge. Aliments i agricultura.<\/li>\n\n\n\n<li><strong>Bisfenols<\/strong> (Bisfenol A, S, F) \u2192 pl\u00e0stics policarbonats, llaunes (recobriments epoxi).<\/li>\n\n\n\n<li><strong>Estr\u00f2gens sint\u00e8tics &#8211; Progest\u00e0gens i andr\u00f2gens<\/strong> \u2192 tractaments hormonals. La llista no \u00e9s tancada: cada any es detecten nous compostos amb possibles efectes disruptors. La UE ja ha restringit alguns d\u2019aquests compostos, per\u00f2 molts encara circulen en productes d\u2019\u00fas habitual. <em><u>Llista completa i efectes en la salut:<\/u><\/em> <strong>www.biocuantic.eu\/de<\/strong><\/li>\n<\/ul>\n","protected":false},"excerpt":{"rendered":"<p>Qu\u00e9 s\u00f3n els Disruptors Endocrins? Els disruptors endocrins (DE) s\u00f3n subst\u00e0ncies qu\u00edmiques capaces d\u2019alterar el sistema hormonal, i efectivament estan presents en molts \u00e0mbits quotidians: Productes d\u2019higiene personal i cosm\u00e8tica &#8211; Envasos i materials de contacte amb aliments &#8211; Aliments i agricultura &#8211; Medicaments i productes sanitaris &#8211; Altres \u00e0mbits quotidians, etc. En resum, algunes &hellip; <a href=\"https:\/\/biocuantic.eu\/index.php\/disruptores\/\" class=\"more-link\">Seguir leyendo <span class=\"screen-reader-text\">Disruptors endocrins<\/span> <span class=\"meta-nav\">&rarr;<\/span><\/a><\/p>\n","protected":false},"author":1,"featured_media":0,"parent":0,"menu_order":0,"comment_status":"closed","ping_status":"closed","template":"","meta":{"footnotes":""},"class_list":["post-276","page","type-page","status-publish","hentry"],"_links":{"self":[{"href":"https:\/\/biocuantic.eu\/index.php\/wp-json\/wp\/v2\/pages\/276","targetHints":{"allow":["GET"]}}],"collection":[{"href":"https:\/\/biocuantic.eu\/index.php\/wp-json\/wp\/v2\/pages"}],"about":[{"href":"https:\/\/biocuantic.eu\/index.php\/wp-json\/wp\/v2\/types\/page"}],"author":[{"embeddable":true,"href":"https:\/\/biocuantic.eu\/index.php\/wp-json\/wp\/v2\/users\/1"}],"replies":[{"embeddable":true,"href":"https:\/\/biocuantic.eu\/index.php\/wp-json\/wp\/v2\/comments?post=276"}],"version-history":[{"count":2,"href":"https:\/\/biocuantic.eu\/index.php\/wp-json\/wp\/v2\/pages\/276\/revisions"}],"predecessor-version":[{"id":278,"href":"https:\/\/biocuantic.eu\/index.php\/wp-json\/wp\/v2\/pages\/276\/revisions\/278"}],"wp:attachment":[{"href":"https:\/\/biocuantic.eu\/index.php\/wp-json\/wp\/v2\/media?parent=276"}],"curies":[{"name":"wp","href":"https:\/\/api.w.org\/{rel}","templated":true}]}}